{"id":976,"date":"2025-01-06T15:54:36","date_gmt":"2025-01-06T21:54:36","guid":{"rendered":"https:\/\/mondilanguages.com\/?page_id=976"},"modified":"2026-04-12T03:50:06","modified_gmt":"2026-04-12T09:50:06","slug":"recursos-de-aprendizaje","status":"publish","type":"page","link":"https:\/\/mondilanguages.com\/?page_id=976","title":{"rendered":"Recursos de aprendizaje"},"content":{"rendered":"\t\t<div data-elementor-type=\"wp-page\" data-elementor-id=\"976\" class=\"elementor elementor-976\">\n\t\t\t\t\t\t<section class=\"elementor-section elementor-top-section elementor-element elementor-element-4380b0c elementor-section-boxed elementor-section-height-default elementor-section-height-default\" data-id=\"4380b0c\" data-element_type=\"section\" data-e-type=\"section\">\n\t\t\t\t\t\t<div class=\"elementor-container elementor-column-gap-default\">\n\t\t\t\t\t<div class=\"elementor-column elementor-col-100 elementor-top-column elementor-element elementor-element-779b836\" data-id=\"779b836\" data-element_type=\"column\" data-e-type=\"column\">\n\t\t\t<div class=\"elementor-widget-wrap elementor-element-populated\">\n\t\t\t\t\t\t<div class=\"elementor-element elementor-element-aff151e e-transform elementor-widget elementor-widget-image\" data-id=\"aff151e\" data-element_type=\"widget\" data-e-type=\"widget\" data-settings=\"{&quot;_transform_scale_effect&quot;:{&quot;unit&quot;:&quot;px&quot;,&quot;size&quot;:0.5,&quot;sizes&quot;:[]},&quot;_transform_scale_effect_tablet&quot;:{&quot;unit&quot;:&quot;px&quot;,&quot;size&quot;:0.7,&quot;sizes&quot;:[]},&quot;_transform_scale_effect_mobile&quot;:{&quot;unit&quot;:&quot;px&quot;,&quot;size&quot;:&quot;&quot;,&quot;sizes&quot;:[]}}\" data-widget_type=\"image.default\">\n\t\t\t\t<div class=\"elementor-widget-container\">\n\t\t\t\t\t\t\t\t\t\t\t\t\t\t\t<img fetchpriority=\"high\" decoding=\"async\" width=\"873\" height=\"403\" src=\"https:\/\/mondilanguages.com\/wp-content\/uploads\/2025\/01\/recursosdeaprendizaje.png\" class=\"attachment-large size-large wp-image-978\" alt=\"\" srcset=\"https:\/\/mondilanguages.com\/wp-content\/uploads\/2025\/01\/recursosdeaprendizaje.png 873w, https:\/\/mondilanguages.com\/wp-content\/uploads\/2025\/01\/recursosdeaprendizaje-300x138.png 300w, https:\/\/mondilanguages.com\/wp-content\/uploads\/2025\/01\/recursosdeaprendizaje-768x355.png 768w\" sizes=\"(max-width: 873px) 100vw, 873px\" \/>\t\t\t\t\t\t\t\t\t\t\t\t\t\t\t<\/div>\n\t\t\t\t<\/div>\n\t\t\t\t<div class=\"elementor-element elementor-element-7be00ec elementor-widget elementor-widget-text-editor\" data-id=\"7be00ec\" data-element_type=\"widget\" data-e-type=\"widget\" data-widget_type=\"text-editor.default\">\n\t\t\t\t<div class=\"elementor-widget-container\">\n\t\t\t\t\t\t\t\t\t<div class=\"flex max-w-full flex-col flex-grow\"><div class=\"min-h-8 text-message flex w-full flex-col items-end gap-2 whitespace-normal break-words text-start [.text-message+&amp;]:mt-5\" dir=\"auto\" data-message-author-role=\"assistant\" data-message-id=\"89e20a7f-62b5-4370-a819-5e973f601f69\" data-message-model-slug=\"gpt-4o\"><div class=\"flex w-full flex-col gap-1 empty:hidden first:pt-[3px]\"><div class=\"markdown prose w-full break-words dark:prose-invert dark\"><p>Explora nuestra colecci\u00f3n de recursos dise\u00f1ados para enriquecer tu aprendizaje de idiomas. Aqu\u00ed encontrar\u00e1s materiales pr\u00e1cticos, gu\u00edas, ejercicios y recomendaciones que te ayudar\u00e1n a mejorar tus habilidades ling\u00fc\u00edsticas de manera efectiva. \u00a1Aprovecha al m\u00e1ximo tu proceso de aprendizaje con herramientas pensadas para ti!<\/p><\/div><\/div><\/div><\/div><div class=\"mb-2 flex gap-3 empty:hidden -ml-2\"><div class=\"items-center justify-start rounded-xl p-1 flex\"><div class=\"flex items-center\"><div class=\"flex\">\u00a0<\/div><p>\u00a0<\/p><\/div><\/div><\/div>\t\t\t\t\t\t\t\t<\/div>\n\t\t\t\t<\/div>\n\t\t\t\t\t<\/div>\n\t\t<\/div>\n\t\t\t\t\t<\/div>\n\t\t<\/section>\n\t\t\t\t<section class=\"elementor-section elementor-top-section elementor-element elementor-element-046f49b elementor-section-boxed elementor-section-height-default elementor-section-height-default\" data-id=\"046f49b\" data-element_type=\"section\" data-e-type=\"section\">\n\t\t\t\t\t\t<div class=\"elementor-container elementor-column-gap-default\">\n\t\t\t\t\t<div class=\"elementor-column elementor-col-50 elementor-top-column elementor-element elementor-element-19532ea\" data-id=\"19532ea\" data-element_type=\"column\" data-e-type=\"column\">\n\t\t\t<div class=\"elementor-widget-wrap elementor-element-populated\">\n\t\t\t\t\t\t<div class=\"elementor-element elementor-element-7816fd1 elementor-widget elementor-widget-image\" data-id=\"7816fd1\" data-element_type=\"widget\" data-e-type=\"widget\" data-widget_type=\"image.default\">\n\t\t\t\t<div class=\"elementor-widget-container\">\n\t\t\t\t\t\t\t\t\t\t\t\t\t\t\t<img decoding=\"async\" width=\"819\" height=\"1024\" src=\"https:\/\/mondilanguages.com\/wp-content\/uploads\/2025\/01\/recursosfot-819x1024.png\" class=\"attachment-large size-large wp-image-1001\" alt=\"\" srcset=\"https:\/\/mondilanguages.com\/wp-content\/uploads\/2025\/01\/recursosfot-819x1024.png 819w, https:\/\/mondilanguages.com\/wp-content\/uploads\/2025\/01\/recursosfot-240x300.png 240w, https:\/\/mondilanguages.com\/wp-content\/uploads\/2025\/01\/recursosfot-768x960.png 768w, https:\/\/mondilanguages.com\/wp-content\/uploads\/2025\/01\/recursosfot.png 1080w\" sizes=\"(max-width: 819px) 100vw, 819px\" \/>\t\t\t\t\t\t\t\t\t\t\t\t\t\t\t<\/div>\n\t\t\t\t<\/div>\n\t\t\t\t\t<\/div>\n\t\t<\/div>\n\t\t\t\t<div class=\"elementor-column elementor-col-50 elementor-top-column elementor-element elementor-element-d631f8a\" data-id=\"d631f8a\" data-element_type=\"column\" data-e-type=\"column\">\n\t\t\t<div class=\"elementor-widget-wrap elementor-element-populated\">\n\t\t\t\t\t\t<div class=\"elementor-element elementor-element-0361b11 elementor-widget elementor-widget-heading\" data-id=\"0361b11\" data-element_type=\"widget\" data-e-type=\"widget\" data-widget_type=\"heading.default\">\n\t\t\t\t<div class=\"elementor-widget-container\">\n\t\t\t\t\t<h2 class=\"elementor-heading-title elementor-size-default\">\u00bfQu\u00e9 idioma est\u00e1s aprendiendo?<\/h2>\t\t\t\t<\/div>\n\t\t\t\t<\/div>\n\t\t\t\t<section class=\"elementor-section elementor-inner-section elementor-element elementor-element-bf3640c elementor-section-boxed elementor-section-height-default elementor-section-height-default\" data-id=\"bf3640c\" data-element_type=\"section\" data-e-type=\"section\">\n\t\t\t\t\t\t<div class=\"elementor-container elementor-column-gap-default\">\n\t\t\t\t\t<div class=\"elementor-column elementor-col-50 elementor-inner-column elementor-element elementor-element-1ea46b4\" data-id=\"1ea46b4\" data-element_type=\"column\" data-e-type=\"column\">\n\t\t\t<div class=\"elementor-widget-wrap elementor-element-populated\">\n\t\t\t\t\t\t<div class=\"elementor-element elementor-element-36351bb e-transform elementor-widget elementor-widget-image\" data-id=\"36351bb\" data-element_type=\"widget\" data-e-type=\"widget\" data-settings=\"{&quot;_transform_scale_effect&quot;:{&quot;unit&quot;:&quot;px&quot;,&quot;size&quot;:0.5,&quot;sizes&quot;:[]},&quot;_transform_scale_effect_tablet&quot;:{&quot;unit&quot;:&quot;px&quot;,&quot;size&quot;:&quot;&quot;,&quot;sizes&quot;:[]},&quot;_transform_scale_effect_mobile&quot;:{&quot;unit&quot;:&quot;px&quot;,&quot;size&quot;:&quot;&quot;,&quot;sizes&quot;:[]}}\" data-widget_type=\"image.default\">\n\t\t\t\t<div class=\"elementor-widget-container\">\n\t\t\t\t\t\t\t\t\t\t\t\t\t\t\t\t<a href=\"https:\/\/mondilanguages.com\/?page_id=1024\">\n\t\t\t\t\t\t\t<img decoding=\"async\" width=\"512\" height=\"512\" src=\"https:\/\/mondilanguages.com\/wp-content\/uploads\/2025\/01\/bandera-italia.png\" class=\"attachment-large size-large wp-image-1002\" alt=\"\" srcset=\"https:\/\/mondilanguages.com\/wp-content\/uploads\/2025\/01\/bandera-italia.png 512w, https:\/\/mondilanguages.com\/wp-content\/uploads\/2025\/01\/bandera-italia-300x300.png 300w, https:\/\/mondilanguages.com\/wp-content\/uploads\/2025\/01\/bandera-italia-150x150.png 150w\" sizes=\"(max-width: 512px) 100vw, 512px\" \/>\t\t\t\t\t\t\t\t<\/a>\n\t\t\t\t\t\t\t\t\t\t\t\t\t\t\t<\/div>\n\t\t\t\t<\/div>\n\t\t\t\t<div class=\"elementor-element elementor-element-ca02ced elementor-widget elementor-widget-text-editor\" data-id=\"ca02ced\" data-element_type=\"widget\" data-e-type=\"widget\" data-widget_type=\"text-editor.default\">\n\t\t\t\t<div class=\"elementor-widget-container\">\n\t\t\t\t\t\t\t\t\t<p><a href=\"https:\/\/mondilanguages.com\/?page_id=1024\">ITALIANO<\/a><\/p>\t\t\t\t\t\t\t\t<\/div>\n\t\t\t\t<\/div>\n\t\t\t\t<div class=\"elementor-element elementor-element-1510272 elementor-widget elementor-widget-image\" data-id=\"1510272\" data-element_type=\"widget\" data-e-type=\"widget\" data-widget_type=\"image.default\">\n\t\t\t\t<div class=\"elementor-widget-container\">\n\t\t\t\t\t\t\t\t\t\t\t\t\t\t\t\t<a href=\"https:\/\/mondilanguages.com\/?page_id=1325\">\n\t\t\t\t\t\t\t<img loading=\"lazy\" decoding=\"async\" width=\"819\" height=\"1024\" src=\"https:\/\/mondilanguages.com\/wp-content\/uploads\/2025\/01\/banderabrasil-819x1024.png\" class=\"attachment-large size-large wp-image-1011\" alt=\"\" srcset=\"https:\/\/mondilanguages.com\/wp-content\/uploads\/2025\/01\/banderabrasil-819x1024.png 819w, https:\/\/mondilanguages.com\/wp-content\/uploads\/2025\/01\/banderabrasil-240x300.png 240w, https:\/\/mondilanguages.com\/wp-content\/uploads\/2025\/01\/banderabrasil-768x960.png 768w, https:\/\/mondilanguages.com\/wp-content\/uploads\/2025\/01\/banderabrasil.png 1080w\" sizes=\"(max-width: 819px) 100vw, 819px\" \/>\t\t\t\t\t\t\t\t<\/a>\n\t\t\t\t\t\t\t\t\t\t\t\t\t\t\t<\/div>\n\t\t\t\t<\/div>\n\t\t\t\t<div class=\"elementor-element elementor-element-e052fe8 elementor-widget elementor-widget-text-editor\" data-id=\"e052fe8\" data-element_type=\"widget\" data-e-type=\"widget\" data-widget_type=\"text-editor.default\">\n\t\t\t\t<div class=\"elementor-widget-container\">\n\t\t\t\t\t\t\t\t\t<p><a href=\"https:\/\/mondilanguages.com\/?page_id=1325\">PORTUGU\u00c9S<\/a><\/p>\t\t\t\t\t\t\t\t<\/div>\n\t\t\t\t<\/div>\n\t\t\t\t<div class=\"elementor-element elementor-element-9200f4c e-transform elementor-widget elementor-widget-image\" data-id=\"9200f4c\" data-element_type=\"widget\" data-e-type=\"widget\" data-settings=\"{&quot;_transform_scale_effect&quot;:{&quot;unit&quot;:&quot;px&quot;,&quot;size&quot;:0.6,&quot;sizes&quot;:[]},&quot;_transform_scale_effect_tablet&quot;:{&quot;unit&quot;:&quot;px&quot;,&quot;size&quot;:&quot;&quot;,&quot;sizes&quot;:[]},&quot;_transform_scale_effect_mobile&quot;:{&quot;unit&quot;:&quot;px&quot;,&quot;size&quot;:&quot;&quot;,&quot;sizes&quot;:[]}}\" data-widget_type=\"image.default\">\n\t\t\t\t<div class=\"elementor-widget-container\">\n\t\t\t\t\t\t\t\t\t\t\t\t\t\t\t\t<a href=\"https:\/\/mondilanguages.com\/?page_id=1237\">\n\t\t\t\t\t\t\t<img loading=\"lazy\" decoding=\"async\" width=\"512\" height=\"512\" src=\"https:\/\/mondilanguages.com\/wp-content\/uploads\/2025\/01\/banderaaleman.png\" class=\"attachment-large size-large wp-image-1016\" alt=\"\" srcset=\"https:\/\/mondilanguages.com\/wp-content\/uploads\/2025\/01\/banderaaleman.png 512w, https:\/\/mondilanguages.com\/wp-content\/uploads\/2025\/01\/banderaaleman-300x300.png 300w, https:\/\/mondilanguages.com\/wp-content\/uploads\/2025\/01\/banderaaleman-150x150.png 150w\" sizes=\"(max-width: 512px) 100vw, 512px\" \/>\t\t\t\t\t\t\t\t<\/a>\n\t\t\t\t\t\t\t\t\t\t\t\t\t\t\t<\/div>\n\t\t\t\t<\/div>\n\t\t\t\t<div class=\"elementor-element elementor-element-41dedab elementor-widget elementor-widget-text-editor\" data-id=\"41dedab\" data-element_type=\"widget\" data-e-type=\"widget\" data-widget_type=\"text-editor.default\">\n\t\t\t\t<div class=\"elementor-widget-container\">\n\t\t\t\t\t\t\t\t\t<p><a href=\"https:\/\/mondilanguages.com\/?page_id=1237\">ALEM\u00c1N<\/a><\/p>\t\t\t\t\t\t\t\t<\/div>\n\t\t\t\t<\/div>\n\t\t\t\t\t<\/div>\n\t\t<\/div>\n\t\t\t\t<div class=\"elementor-column elementor-col-50 elementor-inner-column elementor-element elementor-element-20d048d\" data-id=\"20d048d\" data-element_type=\"column\" data-e-type=\"column\">\n\t\t\t<div class=\"elementor-widget-wrap elementor-element-populated\">\n\t\t\t\t\t\t<div class=\"elementor-element elementor-element-4938d12 e-transform elementor-widget elementor-widget-image\" data-id=\"4938d12\" data-element_type=\"widget\" data-e-type=\"widget\" data-settings=\"{&quot;_transform_scale_effect&quot;:{&quot;unit&quot;:&quot;px&quot;,&quot;size&quot;:0.5,&quot;sizes&quot;:[]},&quot;_transform_scale_effect_tablet&quot;:{&quot;unit&quot;:&quot;px&quot;,&quot;size&quot;:&quot;&quot;,&quot;sizes&quot;:[]},&quot;_transform_scale_effect_mobile&quot;:{&quot;unit&quot;:&quot;px&quot;,&quot;size&quot;:&quot;&quot;,&quot;sizes&quot;:[]}}\" data-widget_type=\"image.default\">\n\t\t\t\t<div class=\"elementor-widget-container\">\n\t\t\t\t\t\t\t\t\t\t\t\t\t\t\t\t<a href=\"https:\/\/mondilanguages.com\/?page_id=1824\">\n\t\t\t\t\t\t\t<img loading=\"lazy\" decoding=\"async\" width=\"512\" height=\"512\" src=\"https:\/\/mondilanguages.com\/wp-content\/uploads\/2025\/01\/banderafrancia.png\" class=\"attachment-large size-large wp-image-1010\" alt=\"\" srcset=\"https:\/\/mondilanguages.com\/wp-content\/uploads\/2025\/01\/banderafrancia.png 512w, https:\/\/mondilanguages.com\/wp-content\/uploads\/2025\/01\/banderafrancia-300x300.png 300w, https:\/\/mondilanguages.com\/wp-content\/uploads\/2025\/01\/banderafrancia-150x150.png 150w\" sizes=\"(max-width: 512px) 100vw, 512px\" \/>\t\t\t\t\t\t\t\t<\/a>\n\t\t\t\t\t\t\t\t\t\t\t\t\t\t\t<\/div>\n\t\t\t\t<\/div>\n\t\t\t\t<div class=\"elementor-element elementor-element-1579edc elementor-widget elementor-widget-text-editor\" data-id=\"1579edc\" data-element_type=\"widget\" data-e-type=\"widget\" data-widget_type=\"text-editor.default\">\n\t\t\t\t<div class=\"elementor-widget-container\">\n\t\t\t\t\t\t\t\t\t<p><a href=\"https:\/\/mondilanguages.com\/?page_id=1824\">FRANC\u00c9S<\/a><\/p>\t\t\t\t\t\t\t\t<\/div>\n\t\t\t\t<\/div>\n\t\t\t\t<div class=\"elementor-element elementor-element-79aff1b e-transform elementor-widget elementor-widget-image\" data-id=\"79aff1b\" data-element_type=\"widget\" data-e-type=\"widget\" data-settings=\"{&quot;_transform_scale_effect&quot;:{&quot;unit&quot;:&quot;px&quot;,&quot;size&quot;:0.7,&quot;sizes&quot;:[]},&quot;_transform_scale_effect_tablet&quot;:{&quot;unit&quot;:&quot;px&quot;,&quot;size&quot;:&quot;&quot;,&quot;sizes&quot;:[]},&quot;_transform_scale_effect_mobile&quot;:{&quot;unit&quot;:&quot;px&quot;,&quot;size&quot;:&quot;&quot;,&quot;sizes&quot;:[]}}\" data-widget_type=\"image.default\">\n\t\t\t\t<div class=\"elementor-widget-container\">\n\t\t\t\t\t\t\t\t\t\t\t\t\t\t\t\t<a href=\"https:\/\/mondilanguages.com\/?page_id=1171\">\n\t\t\t\t\t\t\t<img loading=\"lazy\" decoding=\"async\" width=\"819\" height=\"1024\" src=\"https:\/\/mondilanguages.com\/wp-content\/uploads\/2025\/01\/banderaingles-819x1024.png\" class=\"attachment-large size-large wp-image-1015\" alt=\"\" srcset=\"https:\/\/mondilanguages.com\/wp-content\/uploads\/2025\/01\/banderaingles-819x1024.png 819w, https:\/\/mondilanguages.com\/wp-content\/uploads\/2025\/01\/banderaingles-240x300.png 240w, https:\/\/mondilanguages.com\/wp-content\/uploads\/2025\/01\/banderaingles-768x960.png 768w, https:\/\/mondilanguages.com\/wp-content\/uploads\/2025\/01\/banderaingles.png 1080w\" sizes=\"(max-width: 819px) 100vw, 819px\" \/>\t\t\t\t\t\t\t\t<\/a>\n\t\t\t\t\t\t\t\t\t\t\t\t\t\t\t<\/div>\n\t\t\t\t<\/div>\n\t\t\t\t<div class=\"elementor-element elementor-element-a02827b elementor-widget elementor-widget-text-editor\" data-id=\"a02827b\" data-element_type=\"widget\" data-e-type=\"widget\" data-widget_type=\"text-editor.default\">\n\t\t\t\t<div class=\"elementor-widget-container\">\n\t\t\t\t\t\t\t\t\t<p><a href=\"https:\/\/mondilanguages.com\/?page_id=1171\">INGL\u00c9S<\/a><\/p>\t\t\t\t\t\t\t\t<\/div>\n\t\t\t\t<\/div>\n\t\t\t\t<div class=\"elementor-element elementor-element-a680612 e-transform elementor-widget elementor-widget-image\" data-id=\"a680612\" data-element_type=\"widget\" data-e-type=\"widget\" data-settings=\"{&quot;_transform_scale_effect&quot;:{&quot;unit&quot;:&quot;px&quot;,&quot;size&quot;:0.8,&quot;sizes&quot;:[]},&quot;_transform_scale_effect_tablet&quot;:{&quot;unit&quot;:&quot;px&quot;,&quot;size&quot;:&quot;&quot;,&quot;sizes&quot;:[]},&quot;_transform_scale_effect_mobile&quot;:{&quot;unit&quot;:&quot;px&quot;,&quot;size&quot;:&quot;&quot;,&quot;sizes&quot;:[]}}\" data-widget_type=\"image.default\">\n\t\t\t\t<div class=\"elementor-widget-container\">\n\t\t\t\t\t\t\t\t\t\t\t\t\t\t\t\t<a href=\"https:\/\/mondilanguages.com\/?page_id=1127\">\n\t\t\t\t\t\t\t<img loading=\"lazy\" decoding=\"async\" width=\"819\" height=\"1024\" src=\"https:\/\/mondilanguages.com\/wp-content\/uploads\/2025\/01\/banderaespanol-819x1024.png\" class=\"attachment-large size-large wp-image-1017\" alt=\"\" srcset=\"https:\/\/mondilanguages.com\/wp-content\/uploads\/2025\/01\/banderaespanol-819x1024.png 819w, https:\/\/mondilanguages.com\/wp-content\/uploads\/2025\/01\/banderaespanol-240x300.png 240w, https:\/\/mondilanguages.com\/wp-content\/uploads\/2025\/01\/banderaespanol-768x960.png 768w, https:\/\/mondilanguages.com\/wp-content\/uploads\/2025\/01\/banderaespanol.png 1080w\" sizes=\"(max-width: 819px) 100vw, 819px\" \/>\t\t\t\t\t\t\t\t<\/a>\n\t\t\t\t\t\t\t\t\t\t\t\t\t\t\t<\/div>\n\t\t\t\t<\/div>\n\t\t\t\t<div class=\"elementor-element elementor-element-45e6185 elementor-widget elementor-widget-text-editor\" data-id=\"45e6185\" data-element_type=\"widget\" data-e-type=\"widget\" data-widget_type=\"text-editor.default\">\n\t\t\t\t<div class=\"elementor-widget-container\">\n\t\t\t\t\t\t\t\t\t<p><a href=\"https:\/\/mondilanguages.com\/?page_id=1127\">ESPA\u00d1OL<\/a><\/p>\t\t\t\t\t\t\t\t<\/div>\n\t\t\t\t<\/div>\n\t\t\t\t\t<\/div>\n\t\t<\/div>\n\t\t\t\t\t<\/div>\n\t\t<\/section>\n\t\t\t\t\t<\/div>\n\t\t<\/div>\n\t\t\t\t\t<\/div>\n\t\t<\/section>\n\t\t\t\t<section class=\"elementor-section elementor-top-section elementor-element elementor-element-94da44a elementor-section-boxed elementor-section-height-default elementor-section-height-default\" data-id=\"94da44a\" data-element_type=\"section\" data-e-type=\"section\">\n\t\t\t\t\t\t<div class=\"elementor-container elementor-column-gap-default\">\n\t\t\t\t\t<div class=\"elementor-column elementor-col-100 elementor-top-column elementor-element elementor-element-b17dcb0\" data-id=\"b17dcb0\" data-element_type=\"column\" data-e-type=\"column\">\n\t\t\t<div class=\"elementor-widget-wrap elementor-element-populated\">\n\t\t\t\t\t\t<div class=\"elementor-element elementor-element-e4b899b elementor-align-center elementor-mobile-align-center e-transform elementor-widget elementor-widget-button\" data-id=\"e4b899b\" data-element_type=\"widget\" data-e-type=\"widget\" data-settings=\"{&quot;_transform_scale_effect_mobile&quot;:{&quot;unit&quot;:&quot;px&quot;,&quot;size&quot;:0.6,&quot;sizes&quot;:[]},&quot;_transform_scale_effect&quot;:{&quot;unit&quot;:&quot;px&quot;,&quot;size&quot;:&quot;&quot;,&quot;sizes&quot;:[]},&quot;_transform_scale_effect_tablet&quot;:{&quot;unit&quot;:&quot;px&quot;,&quot;size&quot;:&quot;&quot;,&quot;sizes&quot;:[]}}\" data-widget_type=\"button.default\">\n\t\t\t\t<div class=\"elementor-widget-container\">\n\t\t\t\t\t\t\t\t\t<div class=\"elementor-button-wrapper\">\n\t\t\t\t\t<a class=\"elementor-button elementor-button-link elementor-size-sm\" href=\"https:\/\/calendly.com\/mondi-languages\/30min\" target=\"_blank\">\n\t\t\t\t\t\t<span class=\"elementor-button-content-wrapper\">\n\t\t\t\t\t\t\t\t\t<span class=\"elementor-button-text\">RESERVA UNA ASESOR\u00cdA GRATUITA<\/span>\n\t\t\t\t\t<\/span>\n\t\t\t\t\t<\/a>\n\t\t\t\t<\/div>\n\t\t\t\t\t\t\t\t<\/div>\n\t\t\t\t<\/div>\n\t\t\t\t\t<\/div>\n\t\t<\/div>\n\t\t\t\t\t<\/div>\n\t\t<\/section>\n\t\t\t\t<\/div>\n\t\t","protected":false},"excerpt":{"rendered":"<p>Explora nuestra colecci\u00f3n de recursos dise\u00f1ados para enriquecer tu aprendizaje de idiomas. Aqu\u00ed encontrar\u00e1s materiales pr\u00e1cticos, gu\u00edas, ejercicios y recomendaciones que te ayudar\u00e1n a mejorar tus habilidades ling\u00fc\u00edsticas de manera efectiva. \u00a1Aprovecha al m\u00e1ximo tu proceso de aprendizaje con herramientas pensadas para ti! \u00a0 \u00a0 \u00bfQu\u00e9 idioma est\u00e1s aprendiendo? ITALIANO PORTUGU\u00c9S ALEM\u00c1N FRANC\u00c9S INGL\u00c9S ESPA\u00d1OL [&hellip;]<\/p>\n","protected":false},"author":1,"featured_media":0,"parent":0,"menu_order":0,"comment_status":"closed","ping_status":"closed","template":"","meta":{"om_disable_all_campaigns":false,"_monsterinsights_skip_tracking":false,"_monsterinsights_sitenote_active":false,"_monsterinsights_sitenote_note":"","_monsterinsights_sitenote_category":0,"footnotes":""},"class_list":["post-976","page","type-page","status-publish","hentry"],"blocksy_meta":[],"aioseo_notices":[],"_links":{"self":[{"href":"https:\/\/mondilanguages.com\/index.php?rest_route=\/wp\/v2\/pages\/976","targetHints":{"allow":["GET"]}}],"collection":[{"href":"https:\/\/mondilanguages.com\/index.php?rest_route=\/wp\/v2\/pages"}],"about":[{"href":"https:\/\/mondilanguages.com\/index.php?rest_route=\/wp\/v2\/types\/page"}],"author":[{"embeddable":true,"href":"https:\/\/mondilanguages.com\/index.php?rest_route=\/wp\/v2\/users\/1"}],"replies":[{"embeddable":true,"href":"https:\/\/mondilanguages.com\/index.php?rest_route=%2Fwp%2Fv2%2Fcomments&post=976"}],"version-history":[{"count":61,"href":"https:\/\/mondilanguages.com\/index.php?rest_route=\/wp\/v2\/pages\/976\/revisions"}],"predecessor-version":[{"id":1832,"href":"https:\/\/mondilanguages.com\/index.php?rest_route=\/wp\/v2\/pages\/976\/revisions\/1832"}],"wp:attachment":[{"href":"https:\/\/mondilanguages.com\/index.php?rest_route=%2Fwp%2Fv2%2Fmedia&parent=976"}],"curies":[{"name":"wp","href":"https:\/\/api.w.org\/{rel}","templated":true}]}}